865. Let c = b - 106. What are the prime factors of c?
2, 7, 19
Suppose -3*q + 3*d + 1 + 8 = 0, 3 = q + 3*d. Suppose 5*v + q*a + 0*a - 826 = 0, 816 = 5*v - 2*a. List the prime factors of v.
2, 41
Let v(i) = -59*i + 57. What are the prime factors of v(-11)?
2, 353
Let t(g) = -57*g**3 + 0*g**2 - 4*g**2 - 7*g**3 + 3*g**2. List the prime factors of t(-1).
3, 7
Suppose -3*q + 5*q = 24. Suppose -q*n = -2*n - 130. What are the prime factors of n?
13
Suppose 71 + 289 = 5*b. Suppose 4*n = 2*n + 4*f + 48, f = 3*n - b. Suppose r + 3*r - n = 0. What are the prime factors of r?
2, 3
Let d be ((-21)/63)/(2/(-690)). Suppose 353 = -5*g + 1213. Let f = g - d. What are the prime factors of f?
3, 19
What are the prime factors of (-104)/6*(2779/(-14) + -1)?
2, 7, 13, 19
Let p(j) = 120*j + 441. List the prime factors of p(29).
3, 1307
Let w(y) = -102*y - 12. Let x be w(-4). Suppose 3*h = 0, x = 2*a + 2*a + 4*h. What are the prime factors of a?
3, 11
Suppose -4*g + 2 = -10. Let a(f) = 2*f**3 - 4*f**2 - 5*f - 5. Let k be a(5). Suppose -g*v = -30 - k. What are the prime factors of v?
2, 5
Let u(r) = r + 13. Suppose 0*j = -4*j - 36. List the prime factors of u(j).
2
Suppose -2*s + 4 + 16 = 5*a, 0 = 5*a + 4*s - 20. Suppose a = u - 5. Suppose -4*j = -u*j + 15, 2*d = -3*j + 139. List the prime factors of d.
5, 13
Suppose 1824*v = 1827*v - 4239. What are the prime factors of v?
3, 157
Let c = 33 - 33. Suppose -5*u + 2*s = -u - 498, 3*u - 4*s - 371 = c. List the prime factors of u.
5
Let t = 9 + -15. Let g = t + 8. Suppose 18 = -g*w + 4*w. List the prime factors of w.
3
Suppose -5*u + 1 = 16. Let g = u - -9. Let q = g - -21. List the prime factors of q.
3
Let f = -8 - -26. Let o = f + -16. Suppose -4*y - y - o*u = -71, 5*y = u + 62. List the prime factors of y.
13
Let c = -107 - -50. Let l = 126 + c. What are the prime factors of l?
3, 23
Suppose 2 = 3*x + 5*r, -2*x = 5*r + 1 + 1. Suppose x*l - 770 = -2*s, -3*l - 2*s + 188 = -2*l. List the prime factors of l/6 - (-20)/30.
3, 11
Let s(q) = -10*q**3 + 46*q**2 - 40*q + 28. Let l(f) = 3*f**3 - 15*f**2 + 13*f - 9. Let x(t) = -7*l(t) - 2*s(t). List the prime factors of x(12).
19
Suppose -26 = 5*a + 4*x, 0 = 3*a - 5*x + 14 + 9. Let v(o) = 7*o**2 - o - 5. Let q(l) = -6*l**2 + 4. Let p(y) = -6*q(y) - 5*v(y). List the prime factors of p(a).
7
Let t be 4/(-14) + (-120)/(-28). Suppose 3*q - 151 - 80 = 3*m, t*q - 292 = -4*m. List the prime factors of q.
3, 5
Let c(t) be the third derivative of t**6/720 + t**5/10 + t**4/3 + t**2. Let q(x) be the second derivative of c(x). List the prime factors of q(0).
2, 3
Suppose -w + 5*w = -p + 16, 5*w = -p + 20. Suppose i + 31 = -5*f + 125, w*i + 4 = 0. List the prime factors of f.
19
Let c be 7/4 + 9/36. Suppose -3*s + 179 = c*f, 4*s - 4*f + 7*f = 239. What are the prime factors of s?
59
Suppose 0 = 8*n - 3*n + 4440. Let k be n/(-108) + (-4)/18. What are the prime factors of (-248)/k*(-2 + 0)?
2, 31
Let n = -30 + 29. Let b be (1 + n)*(-2)/2. Suppose -5*i + 2*i + 6 = b. List the prime factors of i.
2
Suppose -5712 = -440*t + 436*t. List the prime factors of t.
2, 3, 7, 17
Let u be 3 - (4 + 1 + -4). Suppose 4*r - 10 = -o + 2*o, -4*o - 4 = u*r. List the prime factors of -3 - -3 - 52/o.
2, 13
Let g = 1047 + -723. Suppose -3*f = -0*f - g. What are the prime factors of f?
2, 3
Let j = 4 + 3. Suppose j = 3*s - 5. Suppose -y - 3 = -u + 3, -u - s*y = 4. List the prime factors of u.
2
Suppose 18 = -b + 4*v, 0 = -b - 3*b - 5*v - 9. Let c be b/(-3)*121 - 1. Suppose 3*p + 52 = s, 4*s - p - c = -0*p. List the prime factors of s.
61
Let d(h) = -h**3 - 8*h**2 - 2*h - 11. Let w be d(-8). Suppose -4*k + 2*t + 254 = -3*t, 2*t = -w*k + 301. What are the prime factors of k?
61
Suppose 4*g - 153 = -5*f, -3*f - 4*g + 88 = 1. Let r = f - -39. What are the prime factors of r?
2, 3
Let l(n) = -2*n + 2. Let d be l(-5). Let o be (51/d + -2)*12. Suppose 0 = -5*r + 63 + o. List the prime factors of r.
2, 3
Let p be 3*(68/(-12)*-1 - 4). Suppose p*h - 530 = 3*h. List the prime factors of h.
5, 53
What are the prime factors of 7 + -12 + 728 + -2?
7, 103
List the prime factors of (-5 + 74)/((-12)/(-216)).
2, 3, 23
Let j(m) = -m**2 - 2*m + 6. Let r = -3 - 0. Let g be j(r). List the prime factors of 27/4 + g/12.
7
Let x = 458 + 866. Suppose -7*o + x = 113. List the prime factors of o.
173
Suppose 10 = 5*j - 30. Suppose j*u = 3*u + 310. List the prime factors of u.
2, 31
Let b = -2545 + 3618. What are the prime factors of b?
29, 37
Let f be (228/(-18))/((-2)/3). Suppose -2*l + f - 11 = 0. Suppose l*j - 8*j = -24. List the prime factors of j.
2, 3
Let i(a) be the second derivative of a**4/12 + a**3/2 - 5*a**2/2 - 2*a. List the prime factors of i(-5).
5
Suppose 0*a = -2*a - g + 541, -a = -4*g - 284. What are the prime factors of a?
2, 17
Let i = -83 - -125. Let s = 38 - i. List the prime factors of 48/5 + s/(-10).
2, 5
Suppose -a + 20 = a. Let s(w) = -w**3 + 11*w**2 - 24. What are the prime factors of s(a)?
2, 19
Suppose 678 = i + t, 4*t - 18 = 2. What are the prime factors of i?
673
Suppose 2*j = -3*a + 510, 21*j = 23*j - 2*a - 530. What are the prime factors of j?
3, 29
Suppose t = -2*t - 18. Let s be (-98)/t + 2/3. Let a = s - 5. List the prime factors of a.
2, 3
Let z be 29/((-4)/(0 - 4)). Suppose n - z = 5*h, -h - 2*h = -4*n + 31. Suppose 4*p = 3*p + 3*c + 18, 44 = n*p - 5*c. List the prime factors of p.
2, 3
Let j(s) be the first derivative of s**4/4 - s**3/3 - s**2/2 + s + 4. Let o be j(-3). What are the prime factors of o/8 + 15*3?
41
Let h = 59 + 472. List the prime factors of h.
3, 59
Let c(b) = -b**3 - 53*b**2 - 38*b - 53. List the prime factors of c(-53).
37, 53
Let y(d) = -3*d. Let u(g) = -g. Let c(b) = -4*u(b) + y(b). Let o be c(0). Let q = o - -7. What are the prime factors of q?
7
Let z = -1942 + 2772. What are the prime factors of z?
2, 5, 83
Let y be 2/10*-6*145. Let m be (6/8)/((-1)/164). Let l = m - y. What are the prime factors of l?
3, 17
Let r be 10182/18 + 2/6. Suppose 2*f + r = 3*x - 0*f, -2*x - 4*f = -388. What are the prime factors of x?
2, 5, 19
Suppose -13*u = -3*u - 2910. What are the prime factors of u?
3, 97
Suppose 0 = -0*v - 5*v + 8060. Suppose w = -w + v. What are the prime factors of 6/(-10) + w/10?
2, 5
Let i(f) = -37*f + 217. What are the prime factors of i(-18)?
883
List the prime factors of 6/9 - 11950/(-30).
3, 7, 19
Let m = 4479 + -1458. List the prime factors of m.
3, 19, 53
Let r(x) be the second derivative of 13*x**3/6 + x**2/2 + 8*x. Let q be r(4). Let a = q + -1. What are the prime factors of a?
2, 13
Let m(v) = 198*v**3 + v**2 - 2*v + 2. Let h be 4/(-1) + -6 + 11. List the prime factors of m(h).
199
Let f(k) = 9*k - 57. What are the prime factors of f(16)?
3, 29
Suppose -12*n + 10*n = 100. Let o = n - -196. List the prime factors of o.
2, 73
Let v = -7 + 22. Let c(t) = t**2 - 14*t - 15. Let o be c(v). Suppose 17 = -o*p + p. List the prime factors of p.
17
Let b(j) = j**3 - 12*j**2 - 8*j - 1. Let m be b(13). Let i = -41 + m. What are the prime factors of i?
23
Let r = -17 - -22. Suppose r*p - 206 = 549. List the prime factors of p.
151
Let m(p) = p**3 - 7*p**2 - 10*p - 4. Suppose -2*d + 1 = t - 12, 4*t - 28 = 4*d. Let l be m(t). What are the prime factors of (l + 1)*9/27?
23
Let a(v) be the third derivative of 1/10*v**5 - v**3 + 1/120*v**6 + v**2 - 1/24*v**4 + 0 + 0*v. What are the prime factors of a(-5)?
2, 3
What are the prime factors of (0 - (-27)/(-4))*(-85536)/729?
2, 3, 11
Let b be 15/20*22 - (-4)/8. Let z = -15 + 8. Let f = b - z. List the prime factors of f.
2, 3
Let o(a) = 3*a**2 + 12*a + 2. Let w be o(-4). Suppose -2*y + w*c - 19 + 69 = 0, -4*y + 120 = c. List the prime factors of y.
29
Suppose 0 = 11*x - 16*x + 2400. List the prime factors of x.
2, 3, 5
Suppose -27339 - 15781 = -22*n. List the prime factors of n.
2, 5, 7
Let h(r) = -r**2 - 11*r + 85. What are the prime factors of h(-13)?
59
Let u = -213 + 251. Let w be 16/6*(-3)/(-2). Suppose 4*b = -2*o + u, 31 = w*b + 4*o - 1. What are the prime factors of b?
11
Let g(c) = 5*c - 33. Let q(t) = 11*t**3 + 2*t**2 - 2*t + 1. Let h be q(1). What are the prime factors of g(h)?
3
Suppose 3*o = 10 + 8. Suppose -31 = 5*u + 4*k, -2*u + k + o = -2*k. What are the prime factors of (u - 0)/(-1) + -1?
2
Let a(x) = x**3 + 2*x**2 - 3*x - 